alculate the remainder when 237 is divided by i.
57
Let o(i) = i**2 + 3*i + 7. Let j = 6 + -11. What is the remainder when 32 is divided by o(j)?
15
Suppose -2*n - 3*c + 244 = 18, 5*n = 5*c + 515. Suppose a - n = -4*p, -34 = -3*p - 2*a + 50. What is the remainder when p is divided by 9/6*(0 - -6)?
8
Suppose 0 = -3*j + 3*g + 66, -4*j + 0*g - 5*g + 88 = 0. Suppose -5*u - 2 = -j. What is the remainder when 11 is divided by u?
3
Let p = -11 - 3. Suppose u - 42 = -2*u. What is the remainder when (-4)/14 - 564/p is divided by u?
12
Let w be 6/27 + (-11)/9. Let h be (0 + (w - 1))*-26. Suppose -7*z + 3*z + h = 0. What is the remainder when 24 is divided by z?
11
Let d(r) = -r + 1. Let t(k) = 4*k - 19. Let p(s) = 2*d(s) + t(s). What is the remainder when p(12) is divided by 2?
1
Suppose 3*d = 2*m - 3, m - 11 = 4*d - 2. Let z = 18 + m. What is the remainder when 57 is divided by z?
12
Let s = -14 + 19. What is the remainder when 19 is divided by s?
4
Suppose d = -4*d. Suppose 0*o + o = d. Suppose -5*a - 13 = -3*l, o = 2*l - 5*a - 1 - 1. Calculate the remainder when 31 is divided by l.
9
Suppose 3*m + 5*j = 290 - 8, 0 = 3*m + 4*j - 285. Calculate the remainder when m is divided by 20.
19
Let t(p) = p**3 + 5*p**2 - 5*p - 2. Let i be t(-6). Calculate the remainder when i/(12/(-4) - -1) is divided by -3*(-1)/2*2.
1
Calculate the remainder when 138 is divided by -3 + 1 - ((6 - 4) + -51).
44
Suppose 5*w - 5 + 20 = 0. Let v = w + 8. Calculate the remainder when 18 is divided by v.
3
Suppose -4*b + 2*b + 2*q = -42, 37 = b - 5*q. Let a(p) = 9*p - 5. Calculate the remainder when a(6) is divided by b.
15
Let u(b) = -b**3 - 15*b**2 - 20*b + 1. Calculate the remainder when u(-14) is divided by 44.
41
Suppose b - 4*b + 45 = 0. Suppose 0*j = 3*j - b. Suppose 19 = 2*o - 9. Calculate the remainder when o is divided by j.
4
Let w(y) = y**3 + 7*y**2 - 3*y - 9. Let t be (-1)/3 + 85/(-15). Let n be w(t). Suppose n = 4*d + d. Calculate the remainder when 17 is divided by d.
8
Suppose -4*q + 85 = 3*u, -2*u + 134 = 2*u - 5*q. Calculate the remainder when u is divided by 17.
14
Let t(w) = -4*w**2 + w. Let u be t(-1). Let c = u + 18. Calculate the remainder when 25 is divided by c.
12
Let u(z) = z**2 + 6*z + 7. Calculate the remainder when u(6) is divided by 27.
25
Suppose -22 + 67 = 5*h. Let r be (10/(-4) - 2)*4. What is the remainder when (6/r)/(1/(-51)) is divided by h?
8
Let x(m) = 38*m**3. Let t be x(1). Suppose 2*l + j = -3*j + t, 59 = 5*l - 2*j. What is the remainder when 36 is divided by l?
10
Suppose 0 = 10*p + 3*p - 312. Calculate the remainder when 89 is divided by p.
17
Calculate the remainder when ((-52)/6)/(1/(-3)) is divided by 9.
8
Suppose -26 = -3*g + 2*i, 0*g + 4*g - 50 = -5*i. What is the remainder when 47 is divided by g?
7
Let a = -6 - -9. Suppose 11 = 3*p + 4*m, -a*m = -4*p - 0*p + 23. Suppose -p*r = -0*r - 65. What is the remainder when 38 is divided by r?
12
Let y(n) = -n + 21. Let o(d) = 2*d - 6. Let g be o(8). Calculate the remainder when 21 is divided by y(g).
10
Let k be -2 + 1 + (3 - -2). Suppose -3*p - 11 = -k*p. What is the remainder when 40 is divided by p?
7
Let n = -9 - -12. Suppose n*q - 29 = 4. What is the remainder when q is divided by 3?
2
Let u = 39 + -20. Calculate the remainder when u is divided by 10.
9
Let r = -4 - -23. What is the remainder when r is divided by (-3 + 2)*7*-1?
5
Suppose 0 = -4*c + 8 + 4. Calculate the remainder when 5 is divided by c.
2
Let r = 237 - 140. Calculate the remainder when r is divided by 33.
31
Suppose -3*j - q - 40 + 177 = 0, 0 = 2*q - 10. What is the remainder when 174 is divided by j?
42
Let u be 50/(-15)*36/(-10). Let a = u - 7. What is the remainder when 9 is divided by a?
4
Suppose -l - 260 = -5*a - 0*l, -4*a + 3*l = -197. Suppose a = 5*f + 3*n, -3*f - 5*n - 85 = -8*f. Calculate the remainder when 38 is divided by f.
12
What is the remainder when 14 is divided by -4 + 4/(-3)*-6?
2
Suppose -11*r - 72 = -14*r. What is the remainder when r is divided by 14?
10
Suppose 2*l - 3*l = -13. Let u = 45 + -63. Calculate the remainder when l is divided by 1/(-2) + (-135)/u.
6
Let x(t) = -2*t + 10. Calculate the remainder when x(-3) is divided by 11.
5
Let b(u) = u**2 + 12*u - 21. Let r(h) = -h**2 - 12*h + 22. Let d(x) = 4*b(x) + 3*r(x). Calculate the remainder when 19 is divided by d(-14).
9
Let l(s) = -17*s - 3. Let g(n) be the second derivative of 5*n**3/6 - 2*n**2 - n. Calculate the remainder when l(-2) is divided by g(3).
9
Let l = 18 - -4. Calculate the remainder when 82 is divided by l.
16
Let c be 0/(3/(-5 + 2)). Suppose -4*a = -3*p - 7, -4*a + 4*p + 4 + 8 = c. Calculate the remainder when ((-3)/4 - a)*4 is divided by 2.
1
What is the remainder when 69 is divided by 190/57*3*1?
9
Suppose p - 105 = -2*p. Calculate the remainder when p is divided by 9.
8
Suppose 2 + 18 = -5*t, 3*d + 4*t - 77 = 0. What is the remainder when d is divided by 22?
9
Let i(g) = -g + 17. Let t be i(-13). Suppose -t = -2*q + 10. Calculate the remainder when q is divided by 11.
9
Suppose 0 = -y + p + 45, 2*y + 4*p - 86 = 2*p. What is the remainder when y is divided by 15?
14
Let o(p) = p**2 - 10*p + 3. Let t be o(10). Suppose t*x = -3*j + 51, 0 = -0*j + j - 5*x - 5. Let u = 3 - -25. What is the remainder when u is divided by j?
13
Let b = 15 - 11. What is the remainder when 7 is divided by (-1)/(-4) - (-11)/b?
1
Calculate the remainder when (-2262)/(-26) + (-1)/(1/(-1)) is divided by 9.
7
Let a(x) = -2*x**3 - 10 - 5*x**2 + 9 + 4*x**2 - 2*x. What is the remainder when 57 is divided by a(-2)?
12
Let x(u) = 3*u - 5. What is the remainder when 65 is divided by x(9)?
21
Let b(i) = 30*i**2 + 2*i + 1. Suppose 12 = 3*w + 2*n, -3*w = 4*n + 9 - 27. What is the remainder when b(w) is divided by 32?
29
Let p(z) = 262*z + 1. Let m be p(1). Suppose -3*f + 198 = 4*k, -3*k + 4*f + m = 2*k. Suppose 5*u - 139 - k = 0. Calculate the remainder when u is divided by 13.
12
Suppose -q + 7*s - 244 = 2*s, 1124 = -5*q + s. What is the remainder when 0 + -41*(0 + -1) is divided by 3/(-2)*q/24?
13
Suppose 0 = 18*f - 22*f + 136. Calculate the remainder when 100 is divided by f.
32
Let u = -5 + 2. Let a(q) = -q**3 + q**2 - 2*q + 4. Suppose 0 = -1618*p + 1611*p + 84. What is the remainder when a(u) is divided by p?
10
Let t be ((-270)/21)/((-12)/56). Suppose 0 = -6*v + v + t. Calculate the remainder when 35 is divided by v.
11
Let h = 69 - 31. What is the remainder when h is divided by 14?
10
Let s(g) = -6 - 7 - g**3 + 3 - 7*g**2 + 4*g. Let b = -6 - 2. Calculate the remainder when 43 is divided by s(b).
21
Suppose 4*l - 44 = d + 33, -5*l + 91 = -3*d. What is the remainder when l is divided by 12?
8
Let b(a) = -3*a + 27. Calculate the remainder when b(6) is divided by 3.
0
Let v(j) = -j**3 - 3*j**2 - 5*j + 3. Calculate the remainder when 50 is divided by v(-3).
14
Let s(u) be the first derivative of 9*u**4 - u**2/2 + u - 2. What is the remainder when s(1) is divided by -2 + 21/(0 + 1)?
17
What is the remainder when (-5264)/(-70) + 1/(-5) is divided by 13?
10
Let z(y) = -y**3 + 8*y**2 + 11*y - 3. What is the remainder when 44 is divided by z(9)?
14
Let h(s) = -s - 2. Let r be h(5). Let v(i) = -4*i + 3. What is the remainder when v(r) is divided by 8?
7
Suppose -152*l = -153*l + 13. Let h(r) = 9*r + 1. What is the remainder when h(4) is divided by l?
11
Let p = -7 + -20. Let u = p - -46. What is the remainder when 55 is divided by 3/(1 - -2)*u?
17
Let r = -3 - -1. Let f be 0/(-3 - (r - -1)). Suppose f = 3*t - 2*d + 7*d - 154, -3*d - 114 = -3*t. Calculate the remainder when t is divided by 15.
13
Let n(q) = q**2 + 4*q + 6. Calculate the remainder when 21 is divided by n(-4).
3
Suppose -3*v + v = -6. What is the remainder when 10 is divided by v?
1
Suppose -2*v - 15 = -b - 0*b, -2*v + 27 = b. What is the remainder when 54 is divided by b?
12
Let n = 342 - 220. What is the remainder when n is divided by 25?
22
Let l(s) = 5*s - 11. Calculate the remainder when 34 is divided by l(4).
7
Let b(u) = 12*u - 1. Let a(s) = -s**3 + 8*s**2 + 9*s + 19. What is the remainder when a(9) is divided by b(1)?
8
Let z = 66 + -53. Suppose 21 = p - l, l - 79 = -3*p - 4*l. What is the remainder when p is divided by z?
10
Let c = 15 + -13. Let j(d) = -d**3 + 4*d**2 - 2*d + 1. What is the